Is 147116803 a composite number?
True
Is 4547503 prime?
True
Is 203725051 a prime number?
True
Is 1055371 a prime number?
True
Is 1606229 a composite number?
True
Is 642083 prime?
False
Is 79511317 a prime number?
False
Is 49847731 a composite number?
False
Is 1287413 composite?
True
Is 9916433 a prime number?
True
Is 21454999 a composite number?
True
Is 240917603 a composite number?
True
Is 252976981 a prime number?
False
Is 1631733 composite?
True
Is 61474529 composite?
True
Is 24379499 composite?
False
Is 156253027 a composite number?
True
Is 246231561 prime?
False
Is 35446513 prime?
False
Is 1616961 composite?
True
Is 7710733 prime?
True
Is 6355103 composite?
False
Is 27572873 composite?
False
Is 394401763 a composite number?
True
Is 40274017 a composite number?
True
Is 44769055 composite?
True
Is 9845233 a prime number?
True
Is 51825569 a composite number?
False
Is 7228321 a composite number?
False
Is 179787781 composite?
False
Is 1739251 composite?
False
Is 274198118 composite?
True
Is 18029351 a prime number?
True
Is 5356969 prime?
False
Is 8516581 prime?
True
Is 4877407 composite?
True
Is 41689735 a composite number?
True
Is 12986203 a composite number?
False
Is 308761 a composite number?
False
Is 141397 prime?
True
Is 725220077 a composite number?
False
Is 87529 a prime number?
False
Is 14899757 a composite number?
True
Is 17647127 a prime number?
True
Is 62900907 prime?
False
Is 74906731 prime?
False
Is 389795167 prime?
True
Is 20393561 a composite number?
True
Is 438454307 composite?
False
Is 206763883 composite?
True
Is 4830311 composite?
True
Is 35238017 a prime number?
False
Is 2026447 prime?
True
Is 380031815 a prime number?
False
Is 6079243 a prime number?
True
Is 156148601 a prime number?
False
Is 286412563 a prime number?
True
Is 50741 a prime number?
True
Is 22016941 a prime number?
True
Is 457757 a prime number?
True
Is 340607765 prime?
False
Is 3559109 prime?
False
Is 3855359 prime?
True
Is 2711507 prime?
False
Is 4056623 prime?
True
Is 8117759 a prime number?
False
Is 4955243 a composite number?
True
Is 899131 composite?
True
Is 121343 composite?
False
Is 40447063 composite?
True
Is 2932169 prime?
True
Is 68163367 a composite number?
False
Is 136081487 composite?
False
Is 1821997 a composite number?
False
Is 1505681 a composite number?
False
Is 5955829 a prime number?
False
Is 704657 a composite number?
False
Is 1247573 a prime number?
False
Is 37377113 prime?
True
Is 1030493 a composite number?
False
Is 55436839 composite?
False
Is 6600419 composite?
True
Is 6990289 a prime number?
True
Is 185011 composite?
True
Is 10678037 a prime number?
True
Is 11238001 a composite number?
False
Is 4137889 a composite number?
True
Is 22587553 prime?
True
Is 596653 a prime number?
True
Is 14559067 composite?
False
Is 505879 a composite number?
True
Is 43536413 composite?
True
Is 4898207 composite?
True
Is 22260893 prime?
False
Is 52026893 a prime number?
True
Is 549386813 prime?
True
Is 1168751 prime?
True
Is 1110871 a prime number?
False
Is 173860091 prime?
True
Is 47209531 prime?
False
Is 4855049 prime?
True
Is 69253999 prime?
False
Is 2740987 composite?
False
Is 4853053 composite?
False
Is 5851673 composite?
False
Is 68017 composite?
True
Is 176869117 composite?
False
Is 29547467 a prime number?
False
Is 223102463 a composite number?
False
Is 13638707 a composite number?
False
Is 489043 prime?
True
Is 4313027 a prime number?
True
Is 15716737 a prime number?
False
Is 1106791 a prime number?
False
Is 25041137 composite?
True
Is 2160719 composite?
True
Is 68485801 composite?
True
Is 8230799 prime?
True
Is 24340237 a prime number?
False
Is 3892569 composite?
True
Is 357967 a composite number?
False
Is 15674863 a composite number?
False
Is 608461 a prime number?
False
Is 2530351 composite?
False
Is 451387 composite?
False
Is 4068041 a prime number?
True
Is 475712917 composite?
True
Is 145752319 a composite number?
False
Is 5293903 prime?
True
Is 1788851 prime?
False
Is 84803753 a prime number?
True
Is 422453 a prime number?
True
Is 2314211 composite?
True
Is 140129999 a prime number?
True
Is 396997 a prime number?
True
Is 68439667 a composite number?
False
Is 6633537 a composite number?
True
Is 150767731 composite?
True
Is 286199 a prime number?
True
Is 13596455 a composite number?
True
Is 5633911 a prime number?
False
Is 14835287 composite?
False
Is 231180933 a prime number?
False
Is 414985 composite?
True
Is 124751293 prime?
False
Is 24290677 a composite number?
True
Is 22086143 prime?
False
Is 24736867 a composite number?
False
Is 10382501 prime?
True
Is 442752179 prime?
True
Is 13061311 a composite number?
False
Is 20917367 composite?
False
Is 43716719 prime?
False
Is 73812107 prime?
True
Is 25365103 a prime number?
False
Is 107719537 a prime number?
True
Is 945598169 prime?
True
Is 16553501 a composite number?
False
Is 626437579 prime?
True
Is 560168573 prime?
True
Is 146200247 a prime number?
False
Is 2750053 a prime number?
True
Is 6297677 prime?
True
Is 53314906 a composite number?
True
Is 1177447 a composite number?
False
Is 1601293 a composite number?
True
Is 16230281 prime?
False
Is 36183109 prime?
False
Is 2194939289 a composite number?
True
Is 3774689 prime?
True
Is 2298293 a prime number?
True
Is 1753463 a prime number?
False
Is 108601849 a composite number?
False
Is 6601961 a prime number?
True
Is 58325779 composite?
True
Is 3878029 a prime number?
False
Is 711041 prime?
True
Is 27719597 composite?
False
Is 12127177 composite?
False
Is 482179 a prime number?
True
Is 42098171 a composite number?
True
Is 8862137 prime?
True
Is 229983977 a composite number?
False
Is 36914153 a prime number?
True
Is 11431831 composite?
False
Is 2315947 a composite number?
False
Is 717028087 composite?
False
Is 50327729 a prime number?
False
Is 382804949 prime?
False
Is 52813037 a composite number?
True
Is 149083 a prime number?
False
Is 1202689 prime?
True
Is 18101959 a prime number?
True
Is 13357651 composite?
True
Is 51381013 prime?
False
Is 11439473 a prime number?
True
Is 375826589 a prime number?
False
Is 233033 composite?
True
Is 2669123 a prime number?
True
Is 4861411 composite?
True
Is 22385153 a prime number?
False
Is 2802373 a composite number?
True
Is 16513093 prime?
False
Is 228291281 a composite number?
False
Is 1339637 composite?
True
Is 40350071 a prime number?
True
Is 15166681 a prime number?
False
Is 1792433 composite?
False
Is 5160887 a composite number?
False
Is 69336363 a prime number?
False
Is 6462497 a prime number?
False
Is 16963085 prime?
False
Is 1587067 a composite number?
False
Is 5324353 a prime number?
True
Is 430282001 composite?
False
Is 78764131 composite?
False
Is 10439915 a prime number?
False
Is 165354097 prime?
True
Is 9323845 a composite number?
True
Is 107493973 composite?
True
Is 42776549 a composite number?
True
Is 6393941 composite?
False
Is 3368641 a prime number?
True
Is 695207 a composite number?
False
Is 380193377 prime?
True
Is 1303151 a prime number?
True
Is 49320563 prime?
True
Is 92323331 a composite number?
False
Is 14318123 a composite number?
False
Is 74290763 a composite number?
False
Is 29910571 prime?
False
Is 1061477 a composite number?
True
Is 29044733 prime?
True
Is 75475691 prime?
False
Is 28049633 a composite number?
False
Is 368959 composite?
True
Is 274012691 a composite number?
True
Is 4442973 a prime number?
False
Is 4489283 prime?
False
Is 4485647 a prime number?
False
Is 15755561 a composite number?
True
Is 1760741 a prime number?
False
Is 232429 composite?
True
Is 36341351 prime?
False
Is 9832001 composite?
True
Is 3772051 a prime number?
False
Is 46984169 prime?
False
Is 120318531 prime?
False
Is 34554239 composite?
False
Is 42289823 a composite number?
False
Is 118511 a prime number?
False
Is 82593533 a prime number?
False
Is 36434389 composite?
False
Is 10721801 composite?
True
Is 155461511 prime?
True
Is 382188665 prime?
False
Is 24599917 a prime number?
False
Is 1905767 composite?
False
Is 710119 prime?
True
Is 2921177 composite?
True
Is 6555629 a composite number?
True
Is 11202629 prime?
True
Is 612131 prime?
False
Is 18306121 prime?
True
Is 7626881 prime?
True
Is 343877 prime?
False
Is 3070681 a prime number?
True
Is 7065385 a prime number?
False
Is 19777 composite?